{"id":498,"date":"2026-08-29T12:32:49","date_gmt":"2026-08-29T09:32:49","guid":{"rendered":"https:\/\/ilonka.fi\/www\/?page_id=498"},"modified":"2026-08-30T20:09:41","modified_gmt":"2026-08-30T17:09:41","slug":"ilonkan-kekri","status":"publish","type":"page","link":"https:\/\/ilonka.fi\/www\/ilonkan-kekri\/","title":{"rendered":"Ilonkan kekri"},"content":{"rendered":"\n<div class=\"wp-block-group alignfull has-global-padding is-layout-constrained wp-container-core-group-is-layout-8a2b1b76 wp-block-group-is-layout-constrained\" style=\"padding-top:var(--wp--preset--spacing--50);padding-right:var(--wp--preset--spacing--50);padding-bottom:var(--wp--preset--spacing--50);padding-left:var(--wp--preset--spacing--50)\">\n<div class=\"wp-block-group has-global-padding is-layout-constrained wp-container-core-group-is-layout-2bf980eb wp-block-group-is-layout-constrained\">\n<h1 class=\"wp-block-heading has-text-align-center has-x-large-font-size\">L\u00e4mpim\u00e4sti tervetuloa Ilonkan kekriin &#8211; kes\u00e4n ja syksyn sadon ja l\u00e4hiruoan juhlaan!<\/h1>\n\n\n\n<div style=\"height:1.25rem\" aria-hidden=\"true\" class=\"wp-block-spacer\"><\/div>\n\n\n\n<p class=\"wp-block-paragraph\"><br>Kekrijuhlassa muinainen kohtaa nykyhetken. Kekri on vanha suomalainen sadonkorjuun ja satokauden p\u00e4\u00e4tt\u00e4j\u00e4isjuhla, miss\u00e4 muistellaan edesmenneit\u00e4 l\u00e4heisi\u00e4 ja esi-isi\u00e4 mutta k\u00e4\u00e4nnet\u00e4\u00e4n katse my\u00f6s tulevaan.<\/p>\n\n\n\n<div style=\"height:1.25rem\" aria-hidden=\"true\" class=\"wp-block-spacer\"><\/div>\n\n\n\n<p class=\"wp-block-paragraph\"><br>Ilonkan kekriss\u00e4 rummutellaan tulilla, tehd\u00e4\u00e4n k\u00e4sill\u00e4, koetaan yhteytt\u00e4 ja nautitaan kotitekoisista sadon antimista valmistetuista herkuista.<\/p>\n\n\n\n<div style=\"height:1.25rem\" aria-hidden=\"true\" class=\"wp-block-spacer\"><\/div>\n\n\n\n<p class=\"wp-block-paragraph\"><br>Ilonkassa sato ker\u00e4t\u00e4\u00e4n mets\u00e4st\u00e4. Kotakahvilassa herkutellaan kekrin kunniaksi sienikeitolla, marjapiirakoilla, pakuri- ja kuusenkerkk\u00e4teell\u00e4 sek\u00e4 muilla ihanilla kotitekoisilla ihanuuksilla. Myynniss\u00e4 on mm. itse kuivatettuja kanttarelleja ja muita mets\u00e4n antimia, k\u00e4sit\u00f6it\u00e4 ja ekologisia tuotteita.<\/p>\n\n\n\n<div style=\"height:1.25rem\" aria-hidden=\"true\" class=\"wp-block-spacer\"><\/div>\n\n\n\n<p class=\"wp-block-paragraph\">Kekrijuhlassa tehd\u00e4\u00e4n k\u00e4sill\u00e4 ja rauhoitutaan:<\/p>\n\n\n\n<p class=\"wp-block-paragraph\">&#8211; Villapisteess\u00e4 Lilli kertoo, kuinka lampaista saadaan villaa ja n\u00e4ytt\u00e4\u00e4, kuinka karstatusta villasta kehr\u00e4t\u00e4\u00e4n lankaa. Halutessasi p\u00e4\u00e4set karstaamaan villaa!<\/p>\n\n\n\n<p class=\"wp-block-paragraph\">&#8211; Askartelupisteiss\u00e4 p\u00e4\u00e4see tekem\u00e4\u00e4n mm. mehil\u00e4isvahakynttil\u00f6it\u00e4 ja huopakoristeita<\/p>\n\n\n\n<p class=\"wp-block-paragraph\">&#8211; Tied\u00e4tk\u00f6, miten k\u00e4vyist\u00e4 tehd\u00e4\u00e4n hyvi\u00e4 sytykkeit\u00e4? Tule katsomaan ja saat mukaasi muutaman!<\/p>\n\n\n\n<p class=\"wp-block-paragraph\">&#8211; Kaipaatko hetken rauhoittumista ja maadoittumista? Tule mukaan luontojoogahetkeen lauantaina 12.9. klo 13 tai \u00e4\u00e4nimatkameditaatioon klo 14! (ohjattu luontojooga ja \u00e4\u00e4nimatkameditaatio pidet\u00e4\u00e4n ainoastaan lauantaina 12.9.)<\/p>\n\n\n\n<p class=\"wp-block-paragraph\"><\/p>\n\n\n\n<p class=\"wp-block-paragraph\"><br>Kaiken muun ohjelman lis\u00e4ksi p\u00e4\u00e4set my\u00f6s mystisell\u00e4 luontopolulle, miss\u00e4 tarinat ja pienet teht\u00e4v\u00e4t auttavat luomaan yhteytt\u00e4 luontoon ja omaan itseens\u00e4. My\u00f6s koiria, lampaita ja vuohia p\u00e4\u00e4see tervehtim\u00e4\u00e4n.\u00a0<\/p>\n\n\n\n<div style=\"height:1.25rem\" aria-hidden=\"true\" class=\"wp-block-spacer\"><\/div>\n\n\n\n<p class=\"wp-block-paragraph\">Ilonkan kekri\u00e4 vietet\u00e4\u00e4n kansallisena l\u00e4hiruokap\u00e4iv\u00e4n\u00e4 lauantaina 12.9. klo 12-16 sek\u00e4 keskiviikkona 16.9. klo 13-17.<\/p>\n\n\n\n<div style=\"height:1.25rem\" aria-hidden=\"true\" class=\"wp-block-spacer\"><\/div>\n\n\n\n<p class=\"wp-block-paragraph\">P\u00e4\u00e4symaksu kekrijuhlaan 25\u20ac\/henkil\u00f6, 10\u20ac\/lapsi (4-17v)<\/p>\n\n\n\n<div style=\"height:1.25rem\" aria-hidden=\"true\" class=\"wp-block-spacer\"><\/div>\n\n\n\n<p class=\"wp-block-paragraph\">L\u00e4mpim\u00e4sti tervetuloa!<\/p>\n\n\n\n<div style=\"height:1.25rem\" aria-hidden=\"true\" class=\"wp-block-spacer\"><\/div>\n\n\n\n<div style=\"height:1.25rem\" aria-hidden=\"true\" class=\"wp-block-spacer\"><\/div>\n<\/div>\n\n\n\n<script type=\"text\/javascript\" src=\"https:\/\/widgets.bokun.io\/assets\/javascripts\/apps\/build\/BokunWidgetsLoader.js?bookingChannelUUID=21728c7f-f848-452b-811c-16be43a9383d\" async=\"\"><\/script>\n<p align=\"center\">      \n<style> #bokun_b39b9fe0_bfb6_4f28_9a43_9d524967fc73 { display: inline-block; padding: 10px 20px; background: #408C3D; border-radius: 5px; box-shadow: none; font-weight: 600; font-size: 16px; text-decoration: none; text-align: center; color: #FFFFFF; border:none; cursor: pointer; transition: background .2s ease; } #bokun_b39b9fe0_bfb6_4f28_9a43_9d524967fc73:hover{ background: #285726; } #bokun_b39b9fe0_bfb6_4f28_9a43_9d524967fc73:active{ background: #30682e; } <\/style> <button class=\"bokunButton\" disabled=\"\" id=\"bokun_b39b9fe0_bfb6_4f28_9a43_9d524967fc73\" data-src=\"https:\/\/widgets.bokun.io\/online-sales\/21728c7f-f848-452b-811c-16be43a9383d\/experience-calendar\/1279482?partialView=1\" data-testid=\"widget-book-button\"> Hanki Liput <\/button>\n<\/p>\n\n\n\n<div style=\"height:1.25rem\" aria-hidden=\"true\" class=\"wp-block-spacer\"><\/div>\n\n\n\n<div style=\"height:var(--wp--preset--spacing--30)\" aria-hidden=\"true\" class=\"wp-block-spacer\"><\/div>\n\n\n\n<figure class=\"wp-block-image alignwide size-full is-style-rounded is-style-rounded--1\"><img loading=\"lazy\" decoding=\"async\" width=\"1280\" height=\"1920\" src=\"https:\/\/ilonka.fi\/www\/wp-content\/uploads\/2024\/01\/DSC_1680.jpg\" alt=\"\" class=\"wp-image-73\" srcset=\"https:\/\/ilonka.fi\/www\/wp-content\/uploads\/2024\/01\/DSC_1680.jpg 1280w, https:\/\/ilonka.fi\/www\/wp-content\/uploads\/2024\/01\/DSC_1680-200x300.jpg 200w, https:\/\/ilonka.fi\/www\/wp-content\/uploads\/2024\/01\/DSC_1680-683x1024.jpg 683w, https:\/\/ilonka.fi\/www\/wp-content\/uploads\/2024\/01\/DSC_1680-768x1152.jpg 768w, https:\/\/ilonka.fi\/www\/wp-content\/uploads\/2024\/01\/DSC_1680-1024x1536.jpg 1024w\" sizes=\"auto, (max-width: 1280px) 100vw, 1280px\" \/><\/figure>\n<\/div>\n","protected":false},"excerpt":{"rendered":"<p>L\u00e4mpim\u00e4sti tervetuloa Ilonkan kekriin &#8211; kes\u00e4n ja syksyn sadon ja l\u00e4hiruoan juhlaan! Kekrijuhlassa muinainen kohtaa nykyhetken. Kekri on vanha suomalainen sadonkorjuun ja satokauden p\u00e4\u00e4tt\u00e4j\u00e4isjuhla, miss\u00e4 muistellaan edesmenneit\u00e4 l\u00e4heisi\u00e4 ja esi-isi\u00e4 mutta k\u00e4\u00e4nnet\u00e4\u00e4n katse my\u00f6s tulevaan. Ilonkan kekriss\u00e4 rummutellaan tulilla, tehd\u00e4\u00e4n k\u00e4sill\u00e4, koetaan yhteytt\u00e4 ja nautitaan kotitekoisista sadon antimista valmistetuista herkuista. Ilonkassa sato ker\u00e4t\u00e4\u00e4n mets\u00e4st\u00e4. Kotakahvilassa [&hellip;]<\/p>\n","protected":false},"author":3,"featured_media":0,"parent":0,"menu_order":0,"comment_status":"closed","ping_status":"closed","template":"","meta":{"_sitemap_exclude":false,"_sitemap_priority":"","_sitemap_frequency":"","footnotes":""},"class_list":["post-498","page","type-page","status-publish","hentry"],"_links":{"self":[{"href":"https:\/\/ilonka.fi\/www\/wp-json\/wp\/v2\/pages\/498","targetHints":{"allow":["GET"]}}],"collection":[{"href":"https:\/\/ilonka.fi\/www\/wp-json\/wp\/v2\/pages"}],"about":[{"href":"https:\/\/ilonka.fi\/www\/wp-json\/wp\/v2\/types\/page"}],"author":[{"embeddable":true,"href":"https:\/\/ilonka.fi\/www\/wp-json\/wp\/v2\/users\/3"}],"replies":[{"embeddable":true,"href":"https:\/\/ilonka.fi\/www\/wp-json\/wp\/v2\/comments?post=498"}],"version-history":[{"count":4,"href":"https:\/\/ilonka.fi\/www\/wp-json\/wp\/v2\/pages\/498\/revisions"}],"predecessor-version":[{"id":512,"href":"https:\/\/ilonka.fi\/www\/wp-json\/wp\/v2\/pages\/498\/revisions\/512"}],"wp:attachment":[{"href":"https:\/\/ilonka.fi\/www\/wp-json\/wp\/v2\/media?parent=498"}],"curies":[{"name":"wp","href":"https:\/\/api.w.org\/{rel}","templated":true}]}}

<div class="wp-block-group alignfull has-global-padding is-layout-constrained wp-container-core-group-is-layout-8a2b1b76 wp-block-group-is-layout-constrained" style="padding-top:var(--wp--preset--spacing--50);padding-right:var(--wp--preset--spacing--50);padding-bottom:var(--wp--preset--spacing--50);padding-left:var(--wp--preset--spacing--50)">
<div class="wp-block-group has-global-padding is-layout-constrained wp-container-core-group-is-layout-2bf980eb wp-block-group-is-layout-constrained">
<h1 class="wp-block-heading has-text-align-center has-x-large-font-size">Lämpimästi tervetuloa Ilonkan kekriin &#8211; kesän ja syksyn sadon ja lähiruoan juhlaan!</h1>



<div style="height:1.25rem" aria-hidden="true" class="wp-block-spacer"></div>



<p class="wp-block-paragraph"><br>Kekrijuhlassa muinainen kohtaa nykyhetken. Kekri on vanha suomalainen sadonkorjuun ja satokauden päättäjäisjuhla, missä muistellaan edesmenneitä läheisiä ja esi-isiä mutta käännetään katse myös tulevaan.</p>



<div style="height:1.25rem" aria-hidden="true" class="wp-block-spacer"></div>



<p class="wp-block-paragraph"><br>Ilonkan kekrissä rummutellaan tulilla, tehdään käsillä, koetaan yhteyttä ja nautitaan kotitekoisista sadon antimista valmistetuista herkuista.</p>



<div style="height:1.25rem" aria-hidden="true" class="wp-block-spacer"></div>



<p class="wp-block-paragraph"><br>Ilonkassa sato kerätään metsästä. Kotakahvilassa herkutellaan kekrin kunniaksi sienikeitolla, marjapiirakoilla, pakuri- ja kuusenkerkkäteellä sekä muilla ihanilla kotitekoisilla ihanuuksilla. Myynnissä on mm. itse kuivatettuja kanttarelleja ja muita metsän antimia, käsitöitä ja ekologisia tuotteita.</p>



<div style="height:1.25rem" aria-hidden="true" class="wp-block-spacer"></div>



<p class="wp-block-paragraph">Kekrijuhlassa tehdään käsillä ja rauhoitutaan:</p>



<p class="wp-block-paragraph">&#8211; Villapisteessä Lilli kertoo, kuinka lampaista saadaan villaa ja näyttää, kuinka karstatusta villasta kehrätään lankaa. Halutessasi pääset karstaamaan villaa!</p>



<p class="wp-block-paragraph">&#8211; Askartelupisteissä pääsee tekemään mm. mehiläisvahakynttilöitä ja huopakoristeita</p>



<p class="wp-block-paragraph">&#8211; Tiedätkö, miten kävyistä tehdään hyviä sytykkeitä? Tule katsomaan ja saat mukaasi muutaman!</p>



<p class="wp-block-paragraph">&#8211; Kaipaatko hetken rauhoittumista ja maadoittumista? Tule mukaan luontojoogahetkeen lauantaina 12.9. klo 13 tai äänimatkameditaatioon klo 14! (ohjattu luontojooga ja äänimatkameditaatio pidetään ainoastaan lauantaina 12.9.)</p>



<p class="wp-block-paragraph"></p>



<p class="wp-block-paragraph"><br>Kaiken muun ohjelman lisäksi pääset myös mystisellä luontopolulle, missä tarinat ja pienet tehtävät auttavat luomaan yhteyttä luontoon ja omaan itseensä. Myös koiria, lampaita ja vuohia pääsee tervehtimään. </p>



<div style="height:1.25rem" aria-hidden="true" class="wp-block-spacer"></div>



<p class="wp-block-paragraph">Ilonkan kekriä vietetään kansallisena lähiruokapäivänä lauantaina 12.9. klo 12-16 sekä keskiviikkona 16.9. klo 13-17.</p>



<div style="height:1.25rem" aria-hidden="true" class="wp-block-spacer"></div>



<p class="wp-block-paragraph">Pääsymaksu kekrijuhlaan 25€/henkilö, 10€/lapsi (4-17v)</p>



<div style="height:1.25rem" aria-hidden="true" class="wp-block-spacer"></div>



<p class="wp-block-paragraph">Lämpimästi tervetuloa!</p>



<div style="height:1.25rem" aria-hidden="true" class="wp-block-spacer"></div>



<div style="height:1.25rem" aria-hidden="true" class="wp-block-spacer"></div>
</div>



<script type="text/javascript" src="https://widgets.bokun.io/assets/javascripts/apps/build/BokunWidgetsLoader.js?bookingChannelUUID=21728c7f-f848-452b-811c-16be43a9383d" async=""></script>
<p align="center">      
<style> #bokun_b39b9fe0_bfb6_4f28_9a43_9d524967fc73 { display: inline-block; padding: 10px 20px; background: #408C3D; border-radius: 5px; box-shadow: none; font-weight: 600; font-size: 16px; text-decoration: none; text-align: center; color: #FFFFFF; border:none; cursor: pointer; transition: background .2s ease; } #bokun_b39b9fe0_bfb6_4f28_9a43_9d524967fc73:hover{ background: #285726; } #bokun_b39b9fe0_bfb6_4f28_9a43_9d524967fc73:active{ background: #30682e; } </style> <button class="bokunButton" disabled="" id="bokun_b39b9fe0_bfb6_4f28_9a43_9d524967fc73" data-src="https://widgets.bokun.io/online-sales/21728c7f-f848-452b-811c-16be43a9383d/experience-calendar/1279482?partialView=1" data-testid="widget-book-button"> Hanki Liput </button>
</p>



<div style="height:1.25rem" aria-hidden="true" class="wp-block-spacer"></div>



<div style="height:var(--wp--preset--spacing--30)" aria-hidden="true" class="wp-block-spacer"></div>



<figure class="wp-block-image alignwide size-full is-style-rounded is-style-rounded--1"><img loading="lazy" decoding="async" width="1280" height="1920" src="https://ilonka.fi/www/wp-content/uploads/2024/01/DSC_1680.jpg" alt="" class="wp-image-73" srcset="https://ilonka.fi/www/wp-content/uploads/2024/01/DSC_1680.jpg 1280w, https://ilonka.fi/www/wp-content/uploads/2024/01/DSC_1680-200x300.jpg 200w, https://ilonka.fi/www/wp-content/uploads/2024/01/DSC_1680-683x1024.jpg 683w, https://ilonka.fi/www/wp-content/uploads/2024/01/DSC_1680-768x1152.jpg 768w, https://ilonka.fi/www/wp-content/uploads/2024/01/DSC_1680-1024x1536.jpg 1024w" sizes="auto, (max-width: 1280px) 100vw, 1280px" /></figure>
</div>

<p>Lämpimästi tervetuloa Ilonkan kekriin &#8211; kesän ja syksyn sadon ja lähiruoan juhlaan! Kekrijuhlassa muinainen kohtaa nykyhetken. Kekri on vanha suomalainen sadonkorjuun ja satokauden päättäjäisjuhla, missä muistellaan edesmenneitä läheisiä ja esi-isiä mutta käännetään katse myös tulevaan. Ilonkan kekrissä rummutellaan tulilla, tehdään käsillä, koetaan yhteyttä ja nautitaan kotitekoisista sadon antimista valmistetuista herkuista. Ilonkassa sato kerätään metsästä. Kotakahvilassa [&hellip;]</p>
